{"id":541,"date":"2025-03-11T18:46:52","date_gmt":"2025-03-11T18:46:52","guid":{"rendered":"https:\/\/yerbamatefortuna.com\/?page_id=541"},"modified":"2025-03-15T19:14:48","modified_gmt":"2025-03-15T19:14:48","slug":"menta-limon","status":"publish","type":"page","link":"https:\/\/yerbamatefortuna.com\/index.php\/menta-limon\/","title":{"rendered":"Menta Lim\u00f3n"},"content":{"rendered":"\t\t<div data-elementor-type=\"wp-page\" data-elementor-id=\"541\" class=\"elementor elementor-541\">\n\t\t\t\t<div class=\"elementor-element elementor-element-cb1689e e-flex e-con-boxed e-con e-parent\" data-id=\"cb1689e\" data-element_type=\"container\">\n\t\t\t\t\t<div class=\"e-con-inner\">\n\t\t\t\t<div class=\"elementor-element elementor-element-4afcbd7 elementor-widget elementor-widget-heading\" data-id=\"4afcbd7\" data-element_type=\"widget\" data-widget_type=\"heading.default\">\n\t\t\t\t<div class=\"elementor-widget-container\">\n\t\t\t\t\t<h2 class=\"elementor-heading-title elementor-size-default\">\ud83c\udf43Menta Lim\u00f3n \u2013 Refrescante y Tranquilizante<\/h2>\t\t\t\t<\/div>\n\t\t\t\t<\/div>\n\t\t\t\t\t<\/div>\n\t\t\t\t<\/div>\n\t\t<div class=\"elementor-element elementor-element-53d02ce e-grid e-con-full e-con e-parent\" data-id=\"53d02ce\" data-element_type=\"container\">\n\t\t\t\t<div class=\"elementor-element elementor-element-385ed2e elementor-widget elementor-widget-text-editor\" data-id=\"385ed2e\" data-element_type=\"widget\" data-widget_type=\"text-editor.default\">\n\t\t\t\t<div class=\"elementor-widget-container\">\n\t\t\t\t\t\t\t\t\t<h4 data-start=\"328\" data-end=\"387\"><strong data-start=\"333\" data-end=\"385\">\ud83c\udf31 Un equilibrio perfecto entre frescura y sabor<\/strong><\/h4><p data-start=\"388\" data-end=\"563\">Menta Lim\u00f3n combina el efecto refrescante y relajante de la menta con un toque c\u00edtrico de lim\u00f3n, ideal para hacer que los d\u00edas de calor sean m\u00e1s agradables y revitalizantes.<\/p>\t\t\t\t\t\t\t\t<\/div>\n\t\t\t\t<\/div>\n\t\t\t\t<div class=\"elementor-element elementor-element-106acef elementor-widget elementor-widget-image\" data-id=\"106acef\" data-element_type=\"widget\" data-widget_type=\"image.default\">\n\t\t\t\t<div class=\"elementor-widget-container\">\n\t\t\t\t\t\t\t\t\t\t\t\t\t\t\t<img fetchpriority=\"high\" decoding=\"async\" width=\"542\" height=\"360\" src=\"https:\/\/yerbamatefortuna.com\/wp-content\/uploads\/2025\/02\/cropped-420143727_865376002263258_831345155467613261_n.jpg\" class=\"attachment-large size-large wp-image-490\" alt=\"\" srcset=\"https:\/\/yerbamatefortuna.com\/wp-content\/uploads\/2025\/02\/cropped-420143727_865376002263258_831345155467613261_n.jpg 542w, https:\/\/yerbamatefortuna.com\/wp-content\/uploads\/2025\/02\/cropped-420143727_865376002263258_831345155467613261_n-300x199.jpg 300w\" sizes=\"(max-width: 542px) 100vw, 542px\" \/>\t\t\t\t\t\t\t\t\t\t\t\t\t\t\t<\/div>\n\t\t\t\t<\/div>\n\t\t\t\t<\/div>\n\t\t<div class=\"elementor-element elementor-element-12d20a4 e-grid e-con-full e-con e-parent\" data-id=\"12d20a4\" data-element_type=\"container\">\n\t\t\t\t<div class=\"elementor-element elementor-element-34dfd18 elementor-widget elementor-widget-text-editor\" data-id=\"34dfd18\" data-element_type=\"widget\" data-widget_type=\"text-editor.default\">\n\t\t\t\t<div class=\"elementor-widget-container\">\n\t\t\t\t\t\t\t\t\t<h3 data-start=\"572\" data-end=\"607\"><strong data-start=\"576\" data-end=\"605\"><span>\ud83d\udfe2 Beneficios de la menta<\/span><\/strong><\/h3><p data-start=\"608\" data-end=\"773\"><span>\ud83d\udc86\u200d\u2642\ufe0f Relajante natural que ayuda a aliviar el estr\u00e9s. <\/span><br data-start=\"662\" data-end=\"665\" \/><span>\ud83e\udec1 Descongestionante, ideal para las v\u00edas respiratorias. <\/span><br data-start=\"721\" data-end=\"724\" \/><span>\ud83c\udf43 Refresca el aliento y favorece la digesti\u00f3n.<\/span><\/p>\t\t\t\t\t\t\t\t<\/div>\n\t\t\t\t<\/div>\n\t\t\t\t<div class=\"elementor-element elementor-element-c397f82 elementor-widget elementor-widget-image\" data-id=\"c397f82\" data-element_type=\"widget\" data-widget_type=\"image.default\">\n\t\t\t\t<div class=\"elementor-widget-container\">\n\t\t\t\t\t\t\t\t\t\t\t\t\t\t\t<img decoding=\"async\" width=\"400\" height=\"400\" src=\"https:\/\/yerbamatefortuna.com\/wp-content\/uploads\/2025\/03\/peppermint-green-leaf-in-png.png\" class=\"attachment-large size-large wp-image-543\" alt=\"\" srcset=\"https:\/\/yerbamatefortuna.com\/wp-content\/uploads\/2025\/03\/peppermint-green-leaf-in-png.png 400w, https:\/\/yerbamatefortuna.com\/wp-content\/uploads\/2025\/03\/peppermint-green-leaf-in-png-300x300.png 300w, https:\/\/yerbamatefortuna.com\/wp-content\/uploads\/2025\/03\/peppermint-green-leaf-in-png-150x150.png 150w\" sizes=\"(max-width: 400px) 100vw, 400px\" \/>\t\t\t\t\t\t\t\t\t\t\t\t\t\t\t<\/div>\n\t\t\t\t<\/div>\n\t\t\t\t<\/div>\n\t\t<div class=\"elementor-element elementor-element-c73b019 e-grid e-con-full e-con e-parent\" data-id=\"c73b019\" data-element_type=\"container\">\n\t\t\t\t<div class=\"elementor-element elementor-element-bf9eefd elementor-widget elementor-widget-text-editor\" data-id=\"bf9eefd\" data-element_type=\"widget\" data-widget_type=\"text-editor.default\">\n\t\t\t\t<div class=\"elementor-widget-container\">\n\t\t\t\t\t\t\t\t\t<h3 data-start=\"935\" data-end=\"968\"><strong data-start=\"939\" data-end=\"966\">\ud83c\udf4b Beneficios del Lim\u00f3n<\/strong><\/h3><p data-start=\"969\" data-end=\"1129\">\u26a1 Rico en vitamina C, fortalece el sistema inmune. <br data-start=\"1019\" data-end=\"1022\" \/>\ud83e\ude7a Ayuda a la digesti\u00f3n y aporta propiedades desinfectantes. <br data-start=\"1083\" data-end=\"1086\" \/>\ud83c\udf1eAporta un toque c\u00edtrico revitalizante.<\/p>\t\t\t\t\t\t\t\t<\/div>\n\t\t\t\t<\/div>\n\t\t\t\t<div class=\"elementor-element elementor-element-369f097 elementor-widget elementor-widget-image\" data-id=\"369f097\" data-element_type=\"widget\" data-widget_type=\"image.default\">\n\t\t\t\t<div class=\"elementor-widget-container\">\n\t\t\t\t\t\t\t\t\t\t\t\t\t\t\t<img decoding=\"async\" width=\"626\" height=\"417\" src=\"https:\/\/yerbamatefortuna.com\/wp-content\/uploads\/2025\/03\/limon.avif\" class=\"attachment-large size-large wp-image-544\" alt=\"\" srcset=\"https:\/\/yerbamatefortuna.com\/wp-content\/uploads\/2025\/03\/limon.avif 626w, https:\/\/yerbamatefortuna.com\/wp-content\/uploads\/2025\/03\/limon-300x200.avif 300w\" sizes=\"(max-width: 626px) 100vw, 626px\" \/>\t\t\t\t\t\t\t\t\t\t\t\t\t\t\t<\/div>\n\t\t\t\t<\/div>\n\t\t\t\t<\/div>\n\t\t<div class=\"elementor-element elementor-element-f955494 e-flex e-con-boxed e-con e-parent\" data-id=\"f955494\" data-element_type=\"container\">\n\t\t\t\t\t<div class=\"e-con-inner\">\n\t\t\t\t<div class=\"elementor-element elementor-element-e122469 elementor-widget elementor-widget-text-editor\" data-id=\"e122469\" data-element_type=\"widget\" data-widget_type=\"text-editor.default\">\n\t\t\t\t<div class=\"elementor-widget-container\">\n\t\t\t\t\t\t\t\t\t<h3 data-start=\"1138\" data-end=\"1169\"><strong data-start=\"1142\" data-end=\"1167\"><span>\ud83d\udca1\u00bfC\u00f3mo disfrutarlo?<\/span><\/strong><\/h3><p data-start=\"1170\" data-end=\"1421\"><span>\u2705 <\/span><strong data-start=\"1172\" data-end=\"1186\"><span>En terer\u00e9:<\/span><\/strong><span> Servido bien fr\u00edo con hielo y poh\u00e3 \u00f1ana para potenciar su frescura. <\/span><br data-start=\"1254\" data-end=\"1257\" \/><span>\u2705 <\/span><strong data-start=\"1259\" data-end=\"1271\"><span>En mate:<\/span><\/strong><span> Aporta un toque c\u00edtrico que realza el sabor tradicional de la yerba.<\/span><\/p>\t\t\t\t\t\t\t\t<\/div>\n\t\t\t\t<\/div>\n\t\t\t\t\t<\/div>\n\t\t\t\t<\/div>\n\t\t<div class=\"elementor-element elementor-element-626bae0 e-flex e-con-boxed e-con e-parent\" data-id=\"626bae0\" data-element_type=\"container\">\n\t\t\t\t\t<div class=\"e-con-inner\">\n\t\t\t\t<div class=\"elementor-element elementor-element-11cf03c elementor-widget elementor-widget-image\" data-id=\"11cf03c\" data-element_type=\"widget\" data-widget_type=\"image.default\">\n\t\t\t\t<div class=\"elementor-widget-container\">\n\t\t\t\t\t\t\t\t\t\t\t\t\t\t\t<img loading=\"lazy\" decoding=\"async\" width=\"819\" height=\"1024\" src=\"https:\/\/yerbamatefortuna.com\/wp-content\/uploads\/2025\/03\/menta-limon-fortuna-819x1024.png\" class=\"attachment-large size-large wp-image-545\" alt=\"\" srcset=\"https:\/\/yerbamatefortuna.com\/wp-content\/uploads\/2025\/03\/menta-limon-fortuna-819x1024.png 819w, https:\/\/yerbamatefortuna.com\/wp-content\/uploads\/2025\/03\/menta-limon-fortuna-240x300.png 240w, https:\/\/yerbamatefortuna.com\/wp-content\/uploads\/2025\/03\/menta-limon-fortuna-768x960.png 768w, https:\/\/yerbamatefortuna.com\/wp-content\/uploads\/2025\/03\/menta-limon-fortuna-1024x1280.png 1024w, https:\/\/yerbamatefortuna.com\/wp-content\/uploads\/2025\/03\/menta-limon-fortuna-864x1080.png 864w, https:\/\/yerbamatefortuna.com\/wp-content\/uploads\/2025\/03\/menta-limon-fortuna.png 1080w\" sizes=\"(max-width: 819px) 100vw, 819px\" \/>\t\t\t\t\t\t\t\t\t\t\t\t\t\t\t<\/div>\n\t\t\t\t<\/div>\n\t\t\t\t\t<\/div>\n\t\t\t\t<\/div>\n\t\t\t\t<\/div>\n\t\t","protected":false},"excerpt":{"rendered":"<p>\ud83c\udf43Menta Lim\u00f3n \u2013 Refrescante y Tranquilizante \ud83c\udf31 Un equilibrio perfecto entre frescura y sabor Menta Lim\u00f3n combina el efecto refrescante y relajante de la menta con un toque c\u00edtrico de lim\u00f3n, ideal para hacer que los d\u00edas de calor sean m\u00e1s agradables y revitalizantes. \ud83d\udfe2 Beneficios de la menta \ud83d\udc86\u200d\u2642\ufe0f Relajante natural que ayuda a&hellip; <br \/> <a class=\"read-more\" href=\"https:\/\/yerbamatefortuna.com\/index.php\/menta-limon\/\">Leer m\u00e1s<\/a><\/p>\n","protected":false},"author":1,"featured_media":490,"parent":0,"menu_order":0,"comment_status":"closed","ping_status":"closed","template":"","meta":{"footnotes":""},"class_list":["post-541","page","type-page","status-publish","has-post-thumbnail","hentry"],"yoast_head":"<!-- This site is optimized with the Yoast SEO plugin v25.3.1 - https:\/\/yoast.com\/wordpress\/plugins\/seo\/ -->\n<title>Menta Lim\u00f3n - Yerba Mate Fortuna<\/title>\n<meta name=\"robots\" content=\"index, follow, max-snippet:-1, max-image-preview:large, max-video-preview:-1\" \/>\n<link rel=\"canonical\" href=\"https:\/\/yerbamatefortuna.com\/index.php\/menta-limon\/\" \/>\n<meta property=\"og:locale\" content=\"es_ES\" \/>\n<meta property=\"og:type\" content=\"article\" \/>\n<meta property=\"og:title\" content=\"Menta Lim\u00f3n - Yerba Mate Fortuna\" \/>\n<meta property=\"og:description\" content=\"\ud83c\udf43Menta Lim\u00f3n \u2013 Refrescante y Tranquilizante \ud83c\udf31 Un equilibrio perfecto entre frescura y sabor Menta Lim\u00f3n combina el efecto refrescante y relajante de la menta con un toque c\u00edtrico de lim\u00f3n, ideal para hacer que los d\u00edas de calor sean m\u00e1s agradables y revitalizantes. \ud83d\udfe2 Beneficios de la menta \ud83d\udc86\u200d\u2642\ufe0f Relajante natural que ayuda a&hellip; Leer m\u00e1s\" \/>\n<meta property=\"og:url\" content=\"https:\/\/yerbamatefortuna.com\/index.php\/menta-limon\/\" \/>\n<meta property=\"og:site_name\" content=\"Yerba Mate Fortuna\" \/>\n<meta property=\"article:modified_time\" content=\"2025-03-15T19:14:48+00:00\" \/>\n<meta property=\"og:image\" content=\"https:\/\/yerbamatefortuna.com\/wp-content\/uploads\/2025\/02\/cropped-420143727_865376002263258_831345155467613261_n.jpg\" \/>\n\t<meta property=\"og:image:width\" content=\"542\" \/>\n\t<meta property=\"og:image:height\" content=\"360\" \/>\n\t<meta property=\"og:image:type\" content=\"image\/jpeg\" \/>\n<meta name=\"twitter:card\" content=\"summary_large_image\" \/>\n<meta name=\"twitter:label1\" content=\"Tiempo de lectura\" \/>\n\t<meta name=\"twitter:data1\" content=\"2 minutos\" \/>\n<script type=\"application\/ld+json\" class=\"yoast-schema-graph\">{\"@context\":\"https:\/\/schema.org\",\"@graph\":[{\"@type\":\"WebPage\",\"@id\":\"https:\/\/yerbamatefortuna.com\/index.php\/menta-limon\/\",\"url\":\"https:\/\/yerbamatefortuna.com\/index.php\/menta-limon\/\",\"name\":\"Menta Lim\u00f3n - Yerba Mate Fortuna\",\"isPartOf\":{\"@id\":\"https:\/\/yerbamatefortuna.com\/#website\"},\"primaryImageOfPage\":{\"@id\":\"https:\/\/yerbamatefortuna.com\/index.php\/menta-limon\/#primaryimage\"},\"image\":{\"@id\":\"https:\/\/yerbamatefortuna.com\/index.php\/menta-limon\/#primaryimage\"},\"thumbnailUrl\":\"https:\/\/yerbamatefortuna.com\/wp-content\/uploads\/2025\/02\/cropped-420143727_865376002263258_831345155467613261_n.jpg\",\"datePublished\":\"2025-03-11T18:46:52+00:00\",\"dateModified\":\"2025-03-15T19:14:48+00:00\",\"breadcrumb\":{\"@id\":\"https:\/\/yerbamatefortuna.com\/index.php\/menta-limon\/#breadcrumb\"},\"inLanguage\":\"es\",\"potentialAction\":[{\"@type\":\"ReadAction\",\"target\":[\"https:\/\/yerbamatefortuna.com\/index.php\/menta-limon\/\"]}]},{\"@type\":\"ImageObject\",\"inLanguage\":\"es\",\"@id\":\"https:\/\/yerbamatefortuna.com\/index.php\/menta-limon\/#primaryimage\",\"url\":\"https:\/\/yerbamatefortuna.com\/wp-content\/uploads\/2025\/02\/cropped-420143727_865376002263258_831345155467613261_n.jpg\",\"contentUrl\":\"https:\/\/yerbamatefortuna.com\/wp-content\/uploads\/2025\/02\/cropped-420143727_865376002263258_831345155467613261_n.jpg\",\"width\":542,\"height\":360},{\"@type\":\"BreadcrumbList\",\"@id\":\"https:\/\/yerbamatefortuna.com\/index.php\/menta-limon\/#breadcrumb\",\"itemListElement\":[{\"@type\":\"ListItem\",\"position\":1,\"name\":\"Portada\",\"item\":\"https:\/\/yerbamatefortuna.com\/\"},{\"@type\":\"ListItem\",\"position\":2,\"name\":\"Menta Lim\u00f3n\"}]},{\"@type\":\"WebSite\",\"@id\":\"https:\/\/yerbamatefortuna.com\/#website\",\"url\":\"https:\/\/yerbamatefortuna.com\/\",\"name\":\"Yerba Mate Fortuna\",\"description\":\"Ser Feliz es la nuesva Fortuna\",\"publisher\":{\"@id\":\"https:\/\/yerbamatefortuna.com\/#organization\"},\"potentialAction\":[{\"@type\":\"SearchAction\",\"target\":{\"@type\":\"EntryPoint\",\"urlTemplate\":\"https:\/\/yerbamatefortuna.com\/?s={search_term_string}\"},\"query-input\":{\"@type\":\"PropertyValueSpecification\",\"valueRequired\":true,\"valueName\":\"search_term_string\"}}],\"inLanguage\":\"es\"},{\"@type\":\"Organization\",\"@id\":\"https:\/\/yerbamatefortuna.com\/#organization\",\"name\":\"Yerba Mate Fortuna\",\"url\":\"https:\/\/yerbamatefortuna.com\/\",\"logo\":{\"@type\":\"ImageObject\",\"inLanguage\":\"es\",\"@id\":\"https:\/\/yerbamatefortuna.com\/#\/schema\/logo\/image\/\",\"url\":\"https:\/\/yerbamatefortuna.com\/wp-content\/uploads\/2025\/02\/cropped-yerba-mate-fortuna-web-logo-con-slogan.png\",\"contentUrl\":\"https:\/\/yerbamatefortuna.com\/wp-content\/uploads\/2025\/02\/cropped-yerba-mate-fortuna-web-logo-con-slogan.png\",\"width\":1080,\"height\":927,\"caption\":\"Yerba Mate Fortuna\"},\"image\":{\"@id\":\"https:\/\/yerbamatefortuna.com\/#\/schema\/logo\/image\/\"}}]}<\/script>\n<!-- \/ Yoast SEO plugin. -->","yoast_head_json":{"title":"Menta Lim\u00f3n - Yerba Mate Fortuna","robots":{"index":"index","follow":"follow","max-snippet":"max-snippet:-1","max-image-preview":"max-image-preview:large","max-video-preview":"max-video-preview:-1"},"canonical":"https:\/\/yerbamatefortuna.com\/index.php\/menta-limon\/","og_locale":"es_ES","og_type":"article","og_title":"Menta Lim\u00f3n - Yerba Mate Fortuna","og_description":"\ud83c\udf43Menta Lim\u00f3n \u2013 Refrescante y Tranquilizante \ud83c\udf31 Un equilibrio perfecto entre frescura y sabor Menta Lim\u00f3n combina el efecto refrescante y relajante de la menta con un toque c\u00edtrico de lim\u00f3n, ideal para hacer que los d\u00edas de calor sean m\u00e1s agradables y revitalizantes. \ud83d\udfe2 Beneficios de la menta \ud83d\udc86\u200d\u2642\ufe0f Relajante natural que ayuda a&hellip; Leer m\u00e1s","og_url":"https:\/\/yerbamatefortuna.com\/index.php\/menta-limon\/","og_site_name":"Yerba Mate Fortuna","article_modified_time":"2025-03-15T19:14:48+00:00","og_image":[{"width":542,"height":360,"url":"https:\/\/yerbamatefortuna.com\/wp-content\/uploads\/2025\/02\/cropped-420143727_865376002263258_831345155467613261_n.jpg","type":"image\/jpeg"}],"twitter_card":"summary_large_image","twitter_misc":{"Tiempo de lectura":"2 minutos"},"schema":{"@context":"https:\/\/schema.org","@graph":[{"@type":"WebPage","@id":"https:\/\/yerbamatefortuna.com\/index.php\/menta-limon\/","url":"https:\/\/yerbamatefortuna.com\/index.php\/menta-limon\/","name":"Menta Lim\u00f3n - Yerba Mate Fortuna","isPartOf":{"@id":"https:\/\/yerbamatefortuna.com\/#website"},"primaryImageOfPage":{"@id":"https:\/\/yerbamatefortuna.com\/index.php\/menta-limon\/#primaryimage"},"image":{"@id":"https:\/\/yerbamatefortuna.com\/index.php\/menta-limon\/#primaryimage"},"thumbnailUrl":"https:\/\/yerbamatefortuna.com\/wp-content\/uploads\/2025\/02\/cropped-420143727_865376002263258_831345155467613261_n.jpg","datePublished":"2025-03-11T18:46:52+00:00","dateModified":"2025-03-15T19:14:48+00:00","breadcrumb":{"@id":"https:\/\/yerbamatefortuna.com\/index.php\/menta-limon\/#breadcrumb"},"inLanguage":"es","potentialAction":[{"@type":"ReadAction","target":["https:\/\/yerbamatefortuna.com\/index.php\/menta-limon\/"]}]},{"@type":"ImageObject","inLanguage":"es","@id":"https:\/\/yerbamatefortuna.com\/index.php\/menta-limon\/#primaryimage","url":"https:\/\/yerbamatefortuna.com\/wp-content\/uploads\/2025\/02\/cropped-420143727_865376002263258_831345155467613261_n.jpg","contentUrl":"https:\/\/yerbamatefortuna.com\/wp-content\/uploads\/2025\/02\/cropped-420143727_865376002263258_831345155467613261_n.jpg","width":542,"height":360},{"@type":"BreadcrumbList","@id":"https:\/\/yerbamatefortuna.com\/index.php\/menta-limon\/#breadcrumb","itemListElement":[{"@type":"ListItem","position":1,"name":"Portada","item":"https:\/\/yerbamatefortuna.com\/"},{"@type":"ListItem","position":2,"name":"Menta Lim\u00f3n"}]},{"@type":"WebSite","@id":"https:\/\/yerbamatefortuna.com\/#website","url":"https:\/\/yerbamatefortuna.com\/","name":"Yerba Mate Fortuna","description":"Ser Feliz es la nuesva Fortuna","publisher":{"@id":"https:\/\/yerbamatefortuna.com\/#organization"},"potentialAction":[{"@type":"SearchAction","target":{"@type":"EntryPoint","urlTemplate":"https:\/\/yerbamatefortuna.com\/?s={search_term_string}"},"query-input":{"@type":"PropertyValueSpecification","valueRequired":true,"valueName":"search_term_string"}}],"inLanguage":"es"},{"@type":"Organization","@id":"https:\/\/yerbamatefortuna.com\/#organization","name":"Yerba Mate Fortuna","url":"https:\/\/yerbamatefortuna.com\/","logo":{"@type":"ImageObject","inLanguage":"es","@id":"https:\/\/yerbamatefortuna.com\/#\/schema\/logo\/image\/","url":"https:\/\/yerbamatefortuna.com\/wp-content\/uploads\/2025\/02\/cropped-yerba-mate-fortuna-web-logo-con-slogan.png","contentUrl":"https:\/\/yerbamatefortuna.com\/wp-content\/uploads\/2025\/02\/cropped-yerba-mate-fortuna-web-logo-con-slogan.png","width":1080,"height":927,"caption":"Yerba Mate Fortuna"},"image":{"@id":"https:\/\/yerbamatefortuna.com\/#\/schema\/logo\/image\/"}}]}},"_links":{"self":[{"href":"https:\/\/yerbamatefortuna.com\/index.php\/wp-json\/wp\/v2\/pages\/541","targetHints":{"allow":["GET"]}}],"collection":[{"href":"https:\/\/yerbamatefortuna.com\/index.php\/wp-json\/wp\/v2\/pages"}],"about":[{"href":"https:\/\/yerbamatefortuna.com\/index.php\/wp-json\/wp\/v2\/types\/page"}],"author":[{"embeddable":true,"href":"https:\/\/yerbamatefortuna.com\/index.php\/wp-json\/wp\/v2\/users\/1"}],"replies":[{"embeddable":true,"href":"https:\/\/yerbamatefortuna.com\/index.php\/wp-json\/wp\/v2\/comments?post=541"}],"version-history":[{"count":13,"href":"https:\/\/yerbamatefortuna.com\/index.php\/wp-json\/wp\/v2\/pages\/541\/revisions"}],"predecessor-version":[{"id":561,"href":"https:\/\/yerbamatefortuna.com\/index.php\/wp-json\/wp\/v2\/pages\/541\/revisions\/561"}],"wp:featuredmedia":[{"embeddable":true,"href":"https:\/\/yerbamatefortuna.com\/index.php\/wp-json\/wp\/v2\/media\/490"}],"wp:attachment":[{"href":"https:\/\/yerbamatefortuna.com\/index.php\/wp-json\/wp\/v2\/media?parent=541"}],"curies":[{"name":"wp","href":"https:\/\/api.w.org\/{rel}","templated":true}]}}